88 + 12 = 0. Is 15 a factor of 0/1 + t/1?
False
Let z = 112 + -16. Is 16 a factor of z?
True
Let j = -2 + 1. Let g(a) = -7*a**2 + 4*a + 15*a**2 - 4*a. Does 7 divide g(j)?
False
Does 9 divide 381/9 + 1/(-3)?
False
Let l(b) = -b**3 + 3*b**2 + 4. Let r be l(3). Suppose 40 = -2*j + 7*j + 5*d, -d - r = -2*j. Is 7 a factor of (14/(-8))/(-1)*j?
True
Does 7 divide 64/10 + (-3)/(-5)?
True
Let h(u) = -u - 2. Let s be h(-6). Suppose -2*f + 44 = -2*t, -f - s*f - 3*t + 134 = 0. Is f a multiple of 7?
False
Let n = -138 + 81. Let r = 150 + -231. Let i = n - r. Is 8 a factor of i?
True
Let r(k) = k - 9*k + 2*k**2 + 15 - 3*k**2 - 3*k. Is 11 a factor of r(-11)?
False
Suppose 4*r = 7 + 5. Is 2 a factor of r?
False
Suppose -10 = y - 5*k, -4*y + 5*k = -0*y + 10. Suppose 0 = 4*x + 3*a - 16, y = 2*x - 3*a - 2 - 24. Is x a multiple of 4?
False
Is 7 a factor of (-3)/15 + (-172)/(-10)?
False
Suppose 0 = 2*t + 110 - 374. Suppose -3*u - 3*g = -t, 5 = 7*g - 2*g. Is u a multiple of 11?
False
Let i be 1 - 0 - (-2 - -1). Let m = i + -4. Is (-11)/(-1 - (2 + m)) a multiple of 4?
False
Suppose 2*h + 14 - 124 = 0. Let k = h + -28. Is 10 a factor of k?
False
Suppose -3*j - 2*q - 1 = -13, 2*j - 8 = 3*q. Suppose -52 = -2*n - j*u + 6*u, 3*u = n - 32. Does 23 divide n?
True
Suppose 0 = 2*s + 112 - 336. Does 18 divide s?
False
Let q(l) = 2*l**2 + l. Suppose 15 = 5*o - 0*o. Let y = o - 1. Is q(y) a multiple of 4?
False
Is 3*(-2)/6*-40 a multiple of 14?
False
Let k(i) = i**3 + 5*i**2 - 9*i - 9. Suppose 2*t + 2*t + 24 = 0. Does 5 divide k(t)?
False
Suppose i = 2*t + t - 7, 5*t + 3*i = 35. Suppose -3*a - 36 = -5*a - 4*z, -78 = -5*a - t*z. Suppose -105 = -3*k + 3*y, 4*k = y + 142 - a. Does 13 divide k?
False
Let w = 36 - 16. Does 4 divide w?
True
Let m = -4 - -21. Does 12 divide m?
False
Does 8 divide 2 + 2 + -1 + 13?
True
Let t(y) = -3*y**2 - 3*y**3 + 2*y**3 + 4*y**2 + 6 + 5*y**2 - 3*y. Is t(5) a multiple of 4?
True
Suppose -5*o + 52 - 242 = 0. Let j = o + 64. Is 8 a factor of j?
False
Let h be (0 + 10)/(-2*1). Let i = 6 + h. Is 10 a factor of 1/((-18)/20 + i)?
True
Let o(j) = 26*j - 5. Let y(i) = -27*i + 5. Let v(r) = -5*o(r) - 4*y(r). Let m be v(-6). Suppose 4*g = -21 + m. Does 13 divide g?
False
Let c(f) = 2*f + 8. Let u be c(-3). Let p be 3/(0 + (-1)/(-4)). Suppose -s + p = u*s. Does 4 divide s?
True
Let w(y) = 4*y**2 - 31*y + 22. Let s(l) = 3*l**2 - 21*l + 15. Let x(o) = -7*s(o) + 5*w(o). Is x(-8) even?
False
Let o = 33 + 51. Does 14 divide o?
True
Let r(j) = 5*j**3 - 13*j**2 + j + 7. Let u(n) = -6*n**3 + 14*n**2 - n - 7. Let h(p) = 5*r(p) + 4*u(p). Let l be h(9). Is 3 a factor of (6/4)/(6/l)?
False
Let n = 97 + -58. Does 13 divide n?
True
Let u(g) be the third derivative of 7*g**6/40 + g**5/30 - g**4/12 + g**3/6 - 2*g**2. Suppose 0*i + 3*i = 3. Is 9 a factor of u(i)?
False
Suppose 0 = -p - 2*p + 420. Does 28 divide p?
True
Let j(t) = -t**2 - 6*t + 3. Let l be j(-6). Suppose -l*k + 1 = 46. Does 8 divide (-6 + 4)*k/2?
False
Let a(u) = 11*u - 1. Let t be a(2). Let w = t - 11. Let o(j) = -j**2 + 10*j + 12. Is 6 a factor of o(w)?
True
Let h be (-407)/(-2) + (-1)/(-2). Suppose h = 3*y - 2*i, -y - i - 201 = -4*y. Let a = y - 30. Is 18 a factor of a?
True
Let v(n) = -n + 14. Let p(y) = -y**3 + 9*y**2 - 10*y + 9. Let h be p(8). Is v(h) a multiple of 5?
False
Let k(i) = i**2 - i + 69. Let a be k(0). Is a/6*(3 - -1) a multiple of 14?
False
Suppose -o - 5*r + 15 = 0, 2*r - r + 49 = 5*o. Let l be 1 + 0 + 0 - -2. Suppose -l*f = -26 - o. Is 6 a factor of f?
True
Let l(v) = v**3 + 7*v**2 - v + 2. Is l(-7) a multiple of 3?
True
Let r be 6*(4 + -5)/(-2). Suppose 4*z = 5*t - 50, 3*t + r*z - 14 - 16 = 0. Is t a multiple of 3?
False
Suppose -v = -2*h - 1, 0*h - 16 = 2*h + 2*v. Does 8 divide (-2 + h - -1)*-5?
False
Let h(m) = m**2 - 16*m + 6. Let s be h(16). Suppose -24 = 2*a - s*a. Is a even?
True
Suppose -30 - 15 = -5*n. Let r = 14 - n. Is 3 a factor of ((-5)/2)/(r/(-20))?
False
Let m(o) = 8 + o**2 - 10*o - 3*o**2 + o**2. Let u be m(-10). Suppose -n + 26 = u. Is n a multiple of 9?
True
Let l(w) = 2*w + 2*w - 6*w + 11 + w. Does 9 divide l(-7)?
True
Let x(d) = 5*d**2 + d + 1. Suppose -l - 1 - 1 = 0. Let u be x(l). Suppose -a + u = 7. Is 6 a factor of a?
True
Suppose -4*n + 7 = -3*n. Let g = 59 - n. Is g a multiple of 18?
False
Let f = -6 + 9. Suppose f*c - 9 = 9. Does 4 divide c?
False
Suppose -8 = 3*h - 5*h. Suppose -2*u - 4 = 2*z - 4*u, 3*u - 3 = h*z. Suppose -4*x + z*n = -54, x - n = 2 + 12. Does 7 divide x?
False
Let a(b) be the first derivative of b**3/3 + 3*b**2/2 - 7*b - 3. Let g be a(-5). Suppose g*o + w - 96 = 0, 5*o - w - 73 = 95. Is 11 a factor of o?
True
Suppose 5*i = 110 + 215. Is 11 a factor of i?
False
Let k = 46 + -96. Let j = k - -80. Is 6 a factor of 16/10*j/4?
True
Let n = 8 + -5. Suppose n*a = 2*m - 39, 0*m - 17 = -m + 4*a. Does 7 divide m?
True
Let k(l) = 4*l**3 + 2*l**2 - 3*l + 2. Let h(f) = f**3 - f + 1. Let p(n) = 5*h(n) - k(n). Is 6 a factor of p(3)?
True
Let a(x) = 60*x**2. Is 7 a factor of a(1)?
False
Let t be 2 + (10 - 2) + -2. Let i = 13 - t. Suppose 2*y = 2*c + y - 45, i*c - 105 = 4*y. Does 13 divide c?
False
Suppose -h + 251 = -28. Does 31 divide h?
True
Suppose 0 = -5*w + 6*a - a + 175, 4*a = 20. Suppose -4*b + 3*t = -w, -2*t = 4*b - 43 - 17. Let d = b - 5. Does 8 divide d?
True
Let z = -8 + 11. Let b = 20 - z. Suppose -k = -0*j + 4*j - b, 25 = 5*k. Does 3 divide j?
True
Let l(b) = -19*b - 4. Does 13 divide l(-5)?
True
Suppose 17 = 2*t + l, 2*l - 1 = 5. Suppose 2*a = -5*w + t + 5, 3*w + a = 8. Is 4 a factor of w?
True
Let a be (-4 - 0)*(-6)/8. Suppose -a*x + 76 = 2*z, -x + 7 = -2*z - z. Is x a multiple of 22?
True
Is 8 a factor of 1/(-2 - 66/(-32))?
True
Let v(i) = -i**3 + 7*i**2 + 5*i + 3. Does 25 divide v(7)?
False
Let v be (6/15)/((-1)/(-30)). Suppose 0 = -w + v + 2. Does 7 divide w?
True
Suppose -5*b + 3*b = 0. Suppose b*g + 8 = 4*g. Does 7 divide g/(-4) + 156/8?
False
Let o(k) be the second derivative of k**5/20 - 7*k**4/12 + k**3/2 - k**2/2 - k. Let x be o(5). Let b = -25 - x. Is 5 a factor of b?
False
Let j(r) = -r**2 - 6*r + 4. Let x be j(-6). Suppose x*d - m - 8 = 21, -5*d + m + 36 = 0. Does 7 divide d?
True
Let l(g) be the second derivative of g**4/12 - 5*g**3/6 + 3*g. Is l(8) a multiple of 12?
True
Let q be (0 + -1)/((-1)/22). Suppose -q = -3*h + 4*k - 5*k, 3*k - 30 = -3*h. Is 6 a factor of h?
True
Let f be (-3)/(-2)*16/(-6). Is (-17)/(-3) + f/6 a multiple of 2?
False
Suppose -3*o + 1 = 5*n, 3*n - 7*n = -o + 23. Let z = 15 - o. Suppose -4*b + z = -20. Is b a multiple of 6?
False
Let r = 0 - -3. Suppose 9 - r = 2*d. Suppose 0 = -d*p, -3*k + 33 = 2*p - p. Is 11 a factor of k?
True
Let i(v) = -v**3 - 5*v**2 + v + 5. Let c be i(-5). Suppose 5*y + 4*w - 214 = c, 0 = 2*w + w - 3. Does 14 divide y?
True
Suppose -5*k + 3*k = -5*y - 87, 3*k - 68 = -5*y. Is k a multiple of 17?
False
Let c be 5*-13*5/(-25). Suppose 0 = 8*p - c*p + 285. Does 19 divide p?
True
Let z = 9 + 13. Let u = 34 - z. Is 6 a factor of u?
True
Let m(i) = -i**3 + 6*i**2 + 8*i + 1. Let a be m(7). Suppose j - a = -j. Suppose 0 = -2*n - c + 6, j*n - 2*c - 22 = c. Is n even?
True
Is 25 - 0 - 1 - 2 a multiple of 11?
True
Let a = -205 + 305. Let t = a - 44. Suppose 0 = -4*w + 6*w - t. Is w a multiple of 12?
False
Let z = 1 + 4. Let n(l) = 3*l**2 - 24*l - 21. Let x(v) = v**2 - 8*v - 7. Let g(h) = 2*n(h) - 7*x(h). Is 10 a factor of g(z)?
False
Suppose 4*v - 3*q = 9 + 22, -4*q = -2*v + 8. Does 3 divide v?
False
Let g = 217 + -182. Does 4 divide g?
False
Let w(l) = l**2 - 5*l - 10. Is 13 a factor of w(9)?
True
Suppose -5*y = -4*t - 104, 8*y + 4*t = 4*y + 76. Is y a multiple of 4?
True
Let t be 1/1 - (1 + 1). Let w(y) = -25*y**3 - y**2 - y. Is 15 a factor of w(t)?
False
Suppose 0 = -3*t - 2*t + 15. Suppose t*n = -4*z - 3, 0 = -z - 0*z - 3. Suppose -5*f = -4*b - 71, n*b = -f - 3 + 2. Does 11 divide f?
True
Let k be (42/49)/(1/(-7)). Is 104/k*(-6)/4 a multiple of 13?
True
Let k = -18 - -27. Suppose -3*a + k = -0*a. Suppose -68 = -5*v - a. Is v a multiple of 5?
False
Let v = 1 + 203. Is v a multiple of 17?
True
Let n = -50 + 13. Let z = -11 - n. Is 6 a factor of z?
False
Let x = -101 + 49. Let c be x/(-3) - 2/(-3). Suppose 2*s - c = s. Is s a multiple of 10?
False
Let o = -49 + 75. Does 26 divide o?
True
Suppose